{"id":1416,"date":"2011-05-03T10:02:40","date_gmt":"2011-05-03T08:02:40","guid":{"rendered":"http:\/\/www.blazejstrba.eu\/wp-content\/uploads\/Intronizacia-Biblie-m.jpg"},"modified":"2011-05-03T10:02:40","modified_gmt":"2011-05-03T08:02:40","slug":"intronizacia-biblie-m","status":"inherit","type":"attachment","link":"https:\/\/blazejstrba.eu\/en\/co-s-biblickou-nedelou\/intronizacia-biblie-m\/","title":{"rendered":"Introniz\u00e1cia Biblie"},"author":2,"comment_status":"open","ping_status":"open","template":"","meta":[],"translation":{"provider":"WPGlobus","version":"3.0.0","language":"en","enabled_languages":["sk","en","it"],"languages":{"sk":{"title":true},"en":{"title":false},"it":{"title":false}}},"description":{"rendered":"<p class=\"attachment\"><a href='https:\/\/blazejstrba.eu\/wp-content\/uploads\/Intronizacia-Biblie-m.jpg'><img loading=\"lazy\" decoding=\"async\" width=\"300\" height=\"260\" src=\"https:\/\/blazejstrba.eu\/wp-content\/uploads\/Intronizacia-Biblie-m-300x260.jpg\" class=\"attachment-medium size-medium\" alt=\"Introniz\u00e1cia Biblie\" srcset=\"https:\/\/blazejstrba.eu\/wp-content\/uploads\/Intronizacia-Biblie-m-300x260.jpg 300w, https:\/\/blazejstrba.eu\/wp-content\/uploads\/Intronizacia-Biblie-m.jpg 457w\" sizes=\"(max-width: 300px) 100vw, 300px\" \/><\/a><\/p>\n"},"caption":{"rendered":"<p>Introniz\u00e1cia Sv\u00e4t\u00e9ho p\u00edsma<\/p>\n"},"alt_text":"Introniz\u00e1cia Biblie","media_type":"image","mime_type":"image\/jpeg","media_details":{"width":"457","height":"397","hwstring_small":"height='96' width='110'","file":"Intronizacia-Biblie-m.jpg","sizes":{"thumbnail":{"file":"Intronizacia-Biblie-m-150x150.jpg","width":"150","height":"150","source_url":"https:\/\/blazejstrba.eu\/wp-content\/uploads\/Intronizacia-Biblie-m-150x150.jpg"},"medium":{"file":"Intronizacia-Biblie-m-300x260.jpg","width":"300","height":"260","source_url":"https:\/\/blazejstrba.eu\/wp-content\/uploads\/Intronizacia-Biblie-m-300x260.jpg"},"full":{"file":"Intronizacia-Biblie-m.jpg","width":457,"height":397,"mime_type":"image\/jpeg","source_url":"https:\/\/blazejstrba.eu\/wp-content\/uploads\/Intronizacia-Biblie-m.jpg"}},"image_meta":{"aperture":"3.5","credit":"","camera":"Canon EOS 400D DIGITAL","caption":"","created_timestamp":"1228494419","copyright":"","focal_length":"135","iso":"800","shutter_speed":"0.004","title":""}},"post":1415,"source_url":"https:\/\/blazejstrba.eu\/wp-content\/uploads\/Intronizacia-Biblie-m.jpg","_links":{"self":[{"href":"https:\/\/blazejstrba.eu\/en\/wp-json\/wp\/v2\/media\/1416"}],"collection":[{"href":"https:\/\/blazejstrba.eu\/en\/wp-json\/wp\/v2\/media"}],"about":[{"href":"https:\/\/blazejstrba.eu\/en\/wp-json\/wp\/v2\/types\/attachment"}],"author":[{"embeddable":true,"href":"https:\/\/blazejstrba.eu\/en\/wp-json\/wp\/v2\/users\/2"}],"replies":[{"embeddable":true,"href":"https:\/\/blazejstrba.eu\/en\/wp-json\/wp\/v2\/comments?post=1416"}]}}

Intronizácia Biblie

<p class="attachment"><a href='https://blazejstrba.eu/wp-content/uploads/Intronizacia-Biblie-m.jpg'><img loading="lazy" decoding="async" width="300" height="260" src="https://blazejstrba.eu/wp-content/uploads/Intronizacia-Biblie-m-300x260.jpg" class="attachment-medium size-medium" alt="Intronizácia Biblie" srcset="https://blazejstrba.eu/wp-content/uploads/Intronizacia-Biblie-m-300x260.jpg 300w, https://blazejstrba.eu/wp-content/uploads/Intronizacia-Biblie-m.jpg 457w" sizes="(max-width: 300px) 100vw, 300px" /></a></p>

<p>Intronizácia Svätého písma</p>
